). What is the greatest common divisor of 16 and v?
16
Suppose 5*a + h = 2*a + 14, 2*h - 12 = -2*a. Let u be 12*(5 - a)*(1 + 0). What is the greatest common factor of u and 84?
12
Let q(i) = -i + 10. Let f be q(7). Let b be (-6 + 88/6)/(2/f). Let m = 50 + 15. Calculate the highest common factor of b and m.
13
Suppose 0 = -4*j + 3*d + 5, -5 + 6 = j - d. Suppose 0 = -6*z + j*z + 308. Calculate the greatest common divisor of 7 and z.
7
Let x(p) = p - 18. Let l be x(0). Let a = 7 - l. Let u = -403 - -678. Calculate the greatest common divisor of u and a.
25
Suppose -3*b - 71 - 7 = 0. Let z = -10 - b. What is the highest common factor of 16 and z?
16
Let f be (0 - 65)*(-12)/60. Calculate the highest common divisor of 39 and f.
13
Suppose -x + 8 = 2*p, -2*p - 12 = -2*x + x. Let o(g) = -2*g - 3. Let q be o(-19). What is the greatest common divisor of x and q?
5
Suppose -5*o - 41 = -2*y, 5*y = -3*o + 10 + 15. Let w(g) = g**2 - 2*g - 8. Let f be w(y). What is the greatest common factor of f and 8?
8
Let w = 3 - -17. Let c be (-130)/52 + (0 - 260/(-8)). Calculate the greatest common divisor of c and w.
10
Suppose -4*u + 678 = -554. Let n be -1*(3 - (-2 - -6)). Let w be n/3 - (-581)/21. What is the greatest common factor of u and w?
28
Let b be 70/7*(1 + 27/6). Suppose 0 = -v - 4*y + 3, 0 = -2*v + 2*y + b - 19. What is the highest common divisor of v and 5?
5
Let p be 6*-3*(-1)/6. Suppose 3*i = -s + 145, -2*s + p*i = -2*i - 290. Let o = 161 + -103. Calculate the highest common factor of s and o.
29
Let y = -48 + 31. Let i = y + 25. What is the greatest common factor of 2 and i?
2
Let k = 143 + -138. Suppose c - 1 = -2*m, 5 = -0*c + k*c + 2*m. What is the highest common factor of c and 7?
1
Let f(b) = -b**2 - 21*b**2 - b + 17 + 11*b**2 + 0*b + b**3. Let v be f(11). What is the greatest common factor of 18 and v?
6
Let u(p) = -29*p - 25. Let k be u(-5). Let m be ((21/4)/1)/(3/k). What is the highest common divisor of m and 30?
30
Suppose -20 = z - 3*z. Suppose -4*j + 84 - 44 = 0. Calculate the highest common divisor of j and z.
10
Let t(i) = i**2 - 10. Let h(c) = -3*c - 20. Let j be h(-8). Let m be t(j). What is the highest common divisor of 6 and m?
6
Let t be 1/(2/14*(20 - 19)). Calculate the greatest common divisor of 14 and t.
7
Suppose 5*i - a = 73, -2*i = -6*a + 11*a - 13. Suppose h + 3*h = 28. What is the highest common divisor of h and i?
7
Let h(k) = k**2 + 78*k - 39. Let l be h(-79). Let b(o) = -o + 100. Let u be b(0). What is the greatest common factor of l and u?
20
Suppose 4*m - c - 15 = 2, 4*c = -3*m + 8. Suppose -m*j + 126 = -j - 3*n, 0 = 5*j + 3*n - 234. What is the greatest common divisor of 5 and j?
5
Let z(r) = -r**3 - 7*r**2 + 7*r - 7. Let a be 2*(2 + 0 + -6). Let b be z(a). Suppose 3*y - 6*y + 9 = 0. What is the greatest common divisor of b and y?
1
Let v be (-244)/(-6) + 4/(-6). Let z = 51 + -32. Suppose z*s = 15*s + 20. What is the greatest common divisor of v and s?
5
Let m = 28 + -19. Suppose -n = p - m, -p + 3*p + 3*n = 13. Calculate the greatest common divisor of 2 and p.
2
Let j = -14 + 28. Suppose -j = 2*y - 24. Calculate the greatest common factor of y and 1.
1
Suppose -8*p + 3*p + 3*q - 303 = 0, 0 = -4*p - 5*q - 235. Let b = -66 + -138. Let a = p - b. What is the greatest common divisor of a and 16?
16
Let m = -18 + 32. Suppose p + m = c, 0 = -p - p + 2. What is the highest common factor of 6 and c?
3
Let r be -4 + (-3)/(9/(-210)). Let g = r - -66. What is the highest common factor of 12 and g?
12
Let b(y) = -y**3 + 48*y**2 + 3*y - 102. Let o be b(48). What is the greatest common divisor of o and 16?
2
Let j be (60/25)/(92/80 - 1). Let y = j - 2. What is the greatest common divisor of y and 42?
14
Suppose -857 = -q - 659. What is the highest common divisor of q and 162?
18
Let l be 2/6 - 214/(-6). Let w = 633 + -609. Calculate the greatest common divisor of l and w.
12
Let p be (1/(-1))/(2/8). Let t(d) = 5*d**2 + 12*d + 1. Let a be t(p). Calculate the highest common factor of 44 and a.
11
Let d(i) = -i**2 - 3*i + 4. Let x be d(-4). Let j(s) = s + 3. Let o be j(10). Let f = o - x. Calculate the greatest common factor of 143 and f.
13
Let v be (-1797)/(-15) - 2/(-10). Suppose -5*r + 2*u + 3*u = -310, 2*r - 127 = 5*u. Suppose -2*f + r = 13. Calculate the highest common divisor of f and v.
24
Let x(a) = a + 7. Let v be x(9). Let p = 23 - -9. Calculate the highest common divisor of p and v.
16
Suppose 0 = 3*y + 3*k - 939, 318 = y + k + k. What is the highest common divisor of y and 56?
28
Suppose -2 = -4*z - 6. Let b be 1*(z - -3 - -16). Calculate the highest common factor of b and 198.
18
Suppose 0 = 10*y - 16*y + 1512. Let h(z) = -z + 2. Let l be h(0). Suppose -4*v + y = l*v. What is the highest common divisor of v and 14?
14
Let z be 177 + -6 + 10 + -5. What is the highest common divisor of 16 and z?
16
Suppose -3*o + 1 = -23. Let c(l) = l**2 - 6*l + 6. Let h = 11 - 6. Let r be c(h). What is the highest common factor of o and r?
1
Let g be (4/(-3))/(1/18). Let c(d) = d + 52. Let v be c(-10). Let w = v + g. Calculate the greatest common divisor of 198 and w.
18
Let v(n) = -n**3 - 22*n**2 + 15*n + 54. Let r be v(-23). Calculate the highest common divisor of 14 and r.
14
Let i(u) = 18*u + 90. Let y be i(-4). Calculate the greatest common divisor of 48 and y.
6
Let n be (1/(-3))/((-2)/42). Suppose 3*r + 237 = 5*f - 142, 3*r = -2*f - 365. Let x = -46 - r. Calculate the greatest common factor of x and n.
7
Suppose 30 = s + s. Suppose -z + 1 = 30. Let a = 91 - z. Calculate the highest common divisor of a and s.
15
Let i be (1 + (-2)/1)*(-1634 - 15). What is the greatest common divisor of i and 17?
17
Suppose -3*w - 11 = -44. Let l(x) = -10*x + 4 + 6 + w*x**2 - 12*x**2. Let v be l(-10). What is the highest common factor of v and 15?
5
Let j(u) = 211*u - 1. Let n be j(1). Suppose a = -6*a + n. What is the highest common divisor of 15 and a?
15
Let b be (-2)/(-1) + -7 + -15. Let y be (b/6)/(2/(-45)). Let p be -1 + (-16)/(-1) + 0. Calculate the greatest common factor of p and y.
15
Suppose -675 = 6*r - 711. Calculate the greatest common divisor of r and 198.
6
Suppose 280 = -7*b + 2*b. Let c = -41 - b. What is the highest common factor of 5 and c?
5
Let g(s) = -13*s + 1. Let j be g(9). Suppose -4*n - 140 = 2*l, 0*n + 148 = -2*l + 4*n. Let z = l - j. What is the highest common factor of z and 4?
4
Let d be 121/(-9 - -20) + 486. What is the greatest common factor of 14 and d?
7
Let u = 1676 + -1664. What is the highest common divisor of u and 40?
4
Suppose 3*a - 102 = 3*x, -4*x + 3*a - 10 - 124 = 0. Let j = x + 35. What is the highest common divisor of 2 and j?
1
Let h = -3 - 1. Let q be 72/20 - h/10. Suppose 0 = 4*v - 2*m - 66, m - 78 = -q*v - m. What is the highest common divisor of 72 and v?
18
Let a(f) = 2*f**2 + 10*f - 2. Let w be a(4). Calculate the highest common factor of 28 and w.
14
Let k(y) = y**3 + 2*y**2 + 2*y + 19. Let l = -55 + 55. Let g be k(l). Calculate the greatest common factor of 38 and g.
19
Suppose 0 = -3*k + 2*a + a + 156, -2*k + a = -103. Suppose -b + 111 = -2*y, 2*b - 17*y = -12*y + 218. Calculate the highest common factor of k and b.
17
Let k be (2/3)/(12/90). Suppose k*b + 29 = 59. Calculate the highest common factor of b and 1.
1
Let g be 7 + -5 + 2 - 2. Suppose 0*w + 60 = g*w - 4*r, 3*w - 58 = -2*r. Calculate the greatest common factor of w and 22.
22
Let s = -1204 + 1249. Calculate the greatest common factor of 45 and s.
45
Suppose 2*l - 9 = -c, -l - 6 = 2*c - 5*c. Suppose f - 2*w = -1, 4 = 2*f - f + c*w. What is the highest common factor of 2 and f?
1
Suppose 4 = -3*t + 4*t. Suppose -t*x - 247 = -983. Suppose -4*m + 2*n + 114 = -22, 5*m - x = -n. What is the greatest common divisor of m and 12?
12
Suppose 197*q = 196*q + 330. What is the greatest common divisor of 198 and q?
66
Let g = -2534 + 2710. What is the highest common factor of 99 and g?
11
Suppose 2*c + 2*n = 7*c + 521, -n - 203 = 2*c. Let w = c - -110. Calculate the greatest common factor of 56 and w.
7
Suppose -3*n = 2*n + 3*c, -2*c = 3*n. Suppose -z - 4*f = -2*f - 28, n = -z + 5*f + 14. What is the greatest common factor of z and 16?
8
Suppose 0 = -q + 2 - 1, -3*p = 5*q - 1490. What is the highest common divisor of 9 and p?
9
Let d be 2090/26